ase 6, what is 241 + -1223?
-542
In base 4, what is 210 - -33222?
100032
In base 9, what is -46035 - -2?
-46033
In base 15, what is -124b + 1d7?
-1064
In base 15, what is -1 - -44c?
44b
In base 10, what is 562 + -275?
287
In base 2, what is 1001100011111010000 + 11?
1001100011111010011
In base 2, what is 11011 - -110010101?
110110000
In base 7, what is 1533 + 141?
2004
In base 14, what is -3 - 8663?
-8666
In base 13, what is 21 + -2462?
-2441
In base 6, what is -33253202 + 4?
-33253154
In base 12, what is 1317b81 - -5?
1317b86
In base 15, what is ac - 94be?
-9412
In base 16, what is -39e48 + -1?
-39e49
In base 15, what is -48be - 5?
-48c4
In base 9, what is -37 + 1143?
1105
In base 8, what is 25 + 14043?
14070
In base 9, what is -26 + -1346?
-1373
In base 8, what is -3 - -674754?
674751
In base 9, what is 57 - -4430?
4487
In base 5, what is 11000 - -1003?
12003
In base 15, what is 5 + -713de?
-713d9
In base 5, what is 14102401 + -20?
14102331
In base 7, what is -165 - -306?
111
In base 15, what is 59 - 624?
-5ba
In base 10, what is 20 - 51456?
-51436
In base 2, what is 10110001101000110 + 0?
10110001101000110
In base 15, what is 257a + 0?
257a
In base 11, what is 5 + a287?
a291
In base 5, what is 4 + 24113220?
24113224
In base 13, what is -6663 - 6?
-6669
In base 2, what is -10001110001011 + 1001?
-10001110000010
In base 3, what is 10 + 10110012?
10110022
In base 9, what is -277578 - -3?
-277575
In base 3, what is -1211 - -222121212?
222120001
In base 13, what is a510 - 0?
a510
In base 3, what is 21200 - -102000?
200200
In base 10, what is 85 + -4058?
-3973
In base 4, what is 132003303 - -2?
132003311
In base 7, what is -222 + -1442?
-1664
In base 14, what is 105d7 - 1?
105d6
In base 6, what is 2 + -2134131?
-2134125
In base 16, what is -3d + -16?
-53
In base 13, what is 18c6c + -4?
18c68
In base 8, what is -107245 + 42?
-107203
In base 7, what is 4164 - -152?
4346
In base 13, what is 68cc2 + -5?
68cba
In base 14, what is -21131 - 0?
-21131
In base 9, what is -101804 + 2?
-101802
In base 14, what is -18 - -1877d?
18765
In base 7, what is 110634 + 3?
110640
In base 3, what is -10002000 - 1?
-10002001
In base 7, what is -331 + 542?
211
In base 8, what is -7502 - -7?
-7473
In base 11, what is 337880 - -2?
337882
In base 2, what is 10110 - 100011111010110?
-100011111000000
In base 14, what is -40 + 219?
1b9
In base 14, what is 3 + 88c41?
88c44
In base 4, what is 32130 + -3221?
22303
In base 4, what is -231033 + 30?
-231003
In base 7, what is 125 - 122?
3
In base 14, what is -7 + -9c5?
-9cc
In base 5, what is -10021303121 - -4?
-10021303112
In base 15, what is -16 - c070?
-c086
In base 2, what is 11110101101110010011 + 100?
11110101101110010111
In base 4, what is -122 + -31030?
-31212
In base 3, what is 10111020210 - -11?
10111020221
In base 4, what is 0 - 321301102?
-321301102
In base 10, what is 5 - -22068?
22073
In base 13, what is -7594 - 1?
-7595
In base 12, what is 3 - 4a4b?
-4a48
In base 5, what is -22 + -1032110?
-1032132
In base 3, what is 202021222 - 11112?
202010110
In base 13, what is 0 + 5a4b7?
5a4b7
In base 14, what is -3 + -1849b?
-184a0
In base 6, what is 2102441 + -3?
2102434
In base 7, what is -123 + -100141?
-100264
In base 11, what is 57 + -2a7?
-250
In base 16, what is 11 + -1d325?
-1d314
In base 14, what is 27 - 4?
23
In base 7, what is -5 + 1321661?
1321653
In base 10, what is -213 - -1026?
813
In base 11, what is 101 - 86?
26
In base 5, what is 0 - 404303?
-404303
In base 5, what is -3343 - -321?
-3022
In base 6, what is -4 - 424002?
-424010
In base 15, what is 1095 - -5?
109a
In base 8, what is 1 + 47156?
47157
In base 12, what is 19261 + 5?
19266
In base 8, what is 0 - 10046?
-10046
In base 2, what is -10 + 100101001101000000?
100101001100111110
In base 13, what is 587 - -10ca?
1684
In base 3, what is -221020001 + -20?
-221020021
In base 16, what is 396de + 0?
396de
In base 8, what is -2 - 503005?
-503007
In base 16, what is -1581 + -1b?
-159c
In base 5, what is 122312 - -21?
122333
In base 14, what is 4 - -30ca?
30d0
In base 14, what is -db0 + -21?
-dd1
In base 14, what is -47 - -a5d?
a16
In base 7, what is 2334 + 13002?
15336
In base 14, what is 3 + -7349?
-7346
In base 6, what is -4312 + -12?
-4324
In base 4, what is 0 - -3011301?
3011301
In base 13, what is -3588b - -4?
-35887
In base 13, what is 76 - 4980?
-4907
In base 2, what is 11010 - -10110000?
11001010
In base 4, what is 110330210101 + -11?
110330210030
In base 8, what is -2624 + 5?
-2617
In base 13, what is b37 + -1361?
-527
In base 8, what is -25752 + -7?
-25761
In base 2, what is 10001101000010010110 - -10?
10001101000010011000
In base 13, what is -3382 + 0?
-3382
In base 2, what is -110001000001010001101 - 1?
-110001000001010001110
In base 5, what is -11132034 + 10?
-11132024
In base 5, what is 223111112 - -1?
223111113
In base 5, what is -31232 + 2344?
-23333
In base 2, what is 1101100111111001 - -1?
1101100111111010
In base 16, what is -3cc0 + -18?
-3cd8
In base 5, what is 10111 - 1012?
4044
In base 15, what is -87 + 340?
2a8
In base 16, what is 17 - -139c?
13b3
In base 4, what is 321132 + 31?
321223
In base 7, what is -5 + -306244?
-306252
In base 7, what is -310 + -550?
-1160
In base 8, what is -10542460 + -1?
-10542461
In base 13, what is -1731b5 + 5?
-1731b0
In base 14, what is c8 - -543?
62b
In base 2, what is 0 + -111111000110011110?
-111111000110011110
In base 8, what is -10 + -5034?
-5044
In base 3, what is -101 + -201021121202?
-201021122010
In base 5, what is -4310100 - -10?
-4310040
In base 12, what is -b99 - -61?
-b38
In base 4, what is -211122110 + 112?
-211121332
In base 5, what is 330140341 + -10?
330140331
In base 12, what is -22 - -19a9?
1987
In base 15, what is -2137 - -a?
-212c
In base 6, what is 5 - 144312?
-144303
In base 11, what is 602a69 + -5?
602a64
In base 6, what is -12301 - 524?
-13225
In base 15, what is -5 - a9e1?
-a9e6
In base 5, what is -10220340 - 102?
-10220442
In base 14, what is -15167 + -11?
-15178
In base 14, what is -6c0 + 92?
-62c
In base 2, what is -11000 - 1000101011001?
-1000101110001
In base 9, what is -2 - 7863?
-7865
In base 14, what is -114 + 58a?
476
In base 10, what is 6273 + -51?
6222
In base 2, what is 1010000 - 1011000001000?
-1010110111000
In base 16, what is 3dbd - -b9?
3e76
In base 14, what is 14cb - b?
14c0
In base 9, what is 0 - -8486?
8486
In base 16, what is 186 + -24?
162
In base 10, what is -1414 + 35?
-1379
In base 11, what is 9a558 + 3?
9a560
In base 4, what is -33 - 1033210?
-1033303
In base 4, what is -3033 + -3110302?
-3120001
In base 5, what is 4 - -232242?
232301
In base 7, what is 4121 + 114?
4235
In base 9, what is -134334 - 5?
-134340
In base 11, what is -32 + -345?
-377
In base 7, what is 2254442 - 12?
2254430
In base 4, what is -110 - 20121222?
-20121332
In base 16, what is -2 - -33f3?
33f1
In base 6, what is -320523 + 0?
-320523
In base 14, what is -4 + -31187?
-3118b
In base 6, what is 21230 + -5?
21221
In base 2, what is -10111000011010100 - -111?
-10111000011001101
In base 16, what is -58 - -5c?
4
In base 3, what is -20121002 + 21?
-20120211
In base 3, what is 1110002 - 10201200?
-2021121
In base 9, what is 1576 + -135?
1441
In base 6, what is 4320411 - 1?
4320410
In base 12, what is -568b - 93?
-5762
In base 7, what is -656636 - -2?
-656634
In base 14, what is -2366 + 7?
-235d
In base 12, what is -2728 - -46?
-26a2
In base 8, what is 6 + 12733?
12741
In base 11, what is 57 + 44033?
4408a
In base 4, what is -12031202 - 2?
-12031210
In base 5, what is 2133 + 1220230?
1222413
In base 7, what is -2 - 24606?
-24611
In base 6, what is -24 - -2212?
2144
In base 3, what is 111 + -2102201211?
-2102201100
In base 10, what is 5 + -43155?
-43150
In base 8, what is 1612 - -4477?
6311
In base 4, what is -1113 - -10202221?
10201102
In base 11, what is 4 + 148aa?
14903
In base 12, what is -2745 + -20?
-2765
In base 7, what is -1151614 + 15?
-1151566
In base 9, what is -4 + 718074?
718070
In base 2, what is 1001 + -111001110101101?
-111001110100100
In base 12, what is 2 + 16b8a?
16b90
In base 7, what is -4 + 10201010?
10201003
In base 6, what is 203 - -13115?
13322
In base 12, what is 117 + 1367?
1482
In base 11, what is -2 + 5172?
5170
In base 6, what is -132 + -3312?
-3444
In base 14, what